{"id":5,"date":"2025-02-04T14:40:37","date_gmt":"2025-02-04T14:40:37","guid":{"rendered":"https:\/\/lindoyaverao.com.br\/eureciclo\/?page_id=5"},"modified":"2025-03-14T14:45:02","modified_gmt":"2025-03-14T14:45:02","slug":"eu-reciclo","status":"publish","type":"page","link":"https:\/\/lindoyaverao.com.br\/eureciclo\/","title":{"rendered":"Eu Reciclo"},"content":{"rendered":"\t\t<div data-elementor-type=\"wp-page\" data-elementor-id=\"5\" class=\"elementor elementor-5\">\n\t\t\t\t<div class=\"elementor-element elementor-element-c66dd7f e-con-full e-flex e-con e-parent\" data-id=\"c66dd7f\" data-element_type=\"container\" data-e-type=\"container\" data-settings=\"{&quot;background_background&quot;:&quot;classic&quot;}\">\n\t\t<div class=\"elementor-element elementor-element-c3bd8de e-con-full e-flex e-con e-child\" data-id=\"c3bd8de\" data-element_type=\"container\" data-e-type=\"container\" data-settings=\"{&quot;background_background&quot;:&quot;classic&quot;}\">\n\t\t<div class=\"elementor-element elementor-element-4a7d46b e-grid e-con-full e-con e-child\" data-id=\"4a7d46b\" data-element_type=\"container\" data-e-type=\"container\">\n\t\t\t\t<div class=\"elementor-element elementor-element-39c76cf elementor-invisible elementor-widget elementor-widget-image\" data-id=\"39c76cf\" data-element_type=\"widget\" data-e-type=\"widget\" data-settings=\"{&quot;_animation&quot;:&quot;fadeInLeft&quot;}\" data-widget_type=\"image.default\">\n\t\t\t\t<div class=\"elementor-widget-container\">\n\t\t\t\t\t\t\t\t\t\t\t\t\t\t\t<img decoding=\"async\" width=\"200\" height=\"220\" src=\"https:\/\/lindoyaverao.com.br\/eureciclo\/wp-content\/uploads\/2025\/02\/selo-lindoyaverao.png\" class=\"attachment-full size-full wp-image-13\" alt=\"\" \/>\t\t\t\t\t\t\t\t\t\t\t\t\t\t\t<\/div>\n\t\t\t\t<\/div>\n\t\t\t\t<div class=\"elementor-element elementor-element-d29deb2 elementor-invisible elementor-widget elementor-widget-image\" data-id=\"d29deb2\" data-element_type=\"widget\" data-e-type=\"widget\" data-settings=\"{&quot;_animation&quot;:&quot;fadeInRight&quot;}\" data-widget_type=\"image.default\">\n\t\t\t\t<div class=\"elementor-widget-container\">\n\t\t\t\t\t\t\t\t\t\t\t\t\t\t\t<img decoding=\"async\" width=\"199\" height=\"199\" src=\"https:\/\/lindoyaverao.com.br\/eureciclo\/wp-content\/uploads\/2025\/02\/selo-eureciclo.png\" class=\"attachment-large size-large wp-image-14\" alt=\"\" srcset=\"https:\/\/lindoyaverao.com.br\/eureciclo\/wp-content\/uploads\/2025\/02\/selo-eureciclo.png 199w, https:\/\/lindoyaverao.com.br\/eureciclo\/wp-content\/uploads\/2025\/02\/selo-eureciclo-150x150.png 150w\" sizes=\"(max-width: 199px) 100vw, 199px\" \/>\t\t\t\t\t\t\t\t\t\t\t\t\t\t\t<\/div>\n\t\t\t\t<\/div>\n\t\t\t\t<\/div>\n\t\t<div class=\"elementor-element elementor-element-39d1673 e-con-full e-flex e-con e-child\" data-id=\"39d1673\" data-element_type=\"container\" data-e-type=\"container\">\n\t\t<div class=\"elementor-element elementor-element-1c18633 e-con-full e-flex e-con e-child\" data-id=\"1c18633\" data-element_type=\"container\" data-e-type=\"container\">\n\t\t\t\t<div class=\"elementor-element elementor-element-c351d78 elementor-invisible elementor-widget elementor-widget-image\" data-id=\"c351d78\" data-element_type=\"widget\" data-e-type=\"widget\" data-settings=\"{&quot;_animation&quot;:&quot;fadeInLeft&quot;}\" data-widget_type=\"image.default\">\n\t\t\t\t<div class=\"elementor-widget-container\">\n\t\t\t\t\t\t\t\t\t\t\t\t\t\t\t<img fetchpriority=\"high\" decoding=\"async\" width=\"617\" height=\"658\" src=\"https:\/\/lindoyaverao.com.br\/eureciclo\/wp-content\/uploads\/2025\/02\/img-sense-bottle.png\" class=\"attachment-full size-full wp-image-15\" alt=\"\" srcset=\"https:\/\/lindoyaverao.com.br\/eureciclo\/wp-content\/uploads\/2025\/02\/img-sense-bottle.png 617w, https:\/\/lindoyaverao.com.br\/eureciclo\/wp-content\/uploads\/2025\/02\/img-sense-bottle-281x300.png 281w\" sizes=\"(max-width: 617px) 100vw, 617px\" \/>\t\t\t\t\t\t\t\t\t\t\t\t\t\t\t<\/div>\n\t\t\t\t<\/div>\n\t\t\t\t<\/div>\n\t\t<div class=\"elementor-element elementor-element-1883560 e-con-full e-flex elementor-invisible e-con e-child\" data-id=\"1883560\" data-element_type=\"container\" data-e-type=\"container\" data-settings=\"{&quot;animation&quot;:&quot;fadeIn&quot;}\">\n\t\t\t\t<div class=\"elementor-element elementor-element-9d00bf7 elementor-widget elementor-widget-heading\" data-id=\"9d00bf7\" data-element_type=\"widget\" data-e-type=\"widget\" data-widget_type=\"heading.default\">\n\t\t\t\t<div class=\"elementor-widget-container\">\n\t\t\t\t\t<h2 class=\"elementor-heading-title elementor-size-default\">LINDOYA VER\u00c3O\n<\/h2>\t\t\t\t<\/div>\n\t\t\t\t<\/div>\n\t\t\t\t<div class=\"elementor-element elementor-element-e2aef7b elementor-widget elementor-widget-heading\" data-id=\"e2aef7b\" data-element_type=\"widget\" data-e-type=\"widget\" data-widget_type=\"heading.default\">\n\t\t\t\t<div class=\"elementor-widget-container\">\n\t\t\t\t\t<h2 class=\"elementor-heading-title elementor-size-default\">+EuReciclo\n\n<\/h2>\t\t\t\t<\/div>\n\t\t\t\t<\/div>\n\t\t\t\t<div class=\"elementor-element elementor-element-cc63ae0 elementor-widget elementor-widget-text-editor\" data-id=\"cc63ae0\" data-element_type=\"widget\" data-e-type=\"widget\" data-widget_type=\"text-editor.default\">\n\t\t\t\t<div class=\"elementor-widget-container\">\n\t\t\t\t\t\t\t\t\t<p>Pra cada embalagem<strong> produzida,<\/strong> uma outra\u00a0\u00e9\u00a0<strong>reciclada<\/strong>.<\/p>\t\t\t\t\t\t\t\t<\/div>\n\t\t\t\t<\/div>\n\t\t\t\t<div class=\"elementor-element elementor-element-cdd0d76 elementor-widget elementor-widget-text-editor\" data-id=\"cdd0d76\" data-element_type=\"widget\" data-e-type=\"widget\" data-widget_type=\"text-editor.default\">\n\t\t\t\t<div class=\"elementor-widget-container\">\n\t\t\t\t\t\t\t\t\t<p>A parceria entre Lindoya Ver\u00e3o e o selo eureciclo refor\u00e7a o compromisso com a reciclagem e a sustentabilidade. Por meio dessa iniciativa, 100% das embalagens da Lindoya Ver\u00e3o s\u00e3o compensadas, garantindo que, para cada embalagem vendida, uma quantidade equivalente de PET\u00a0seja\u00a0reciclada.<\/p><p>Em parceria com a eureciclo, fortalecemos o movimento global de conscientiza\u00e7\u00e3o ambiental, tornando o processo de reciclagem mais acess\u00edvel e financeiramente vi\u00e1vel.<\/p><p>Juntos, trabalhamos para garantir que as embalagens PET sejam descartadas corretamente, permitindo que esse material retorne o ciclo produtivo como mat\u00e9ria-prima para novos produtos. Dessa forma, promovemos a economia circular e contribu\u00edmos para um futuro mais sustent\u00e1vel para o planeta.<\/p>\t\t\t\t\t\t\t\t<\/div>\n\t\t\t\t<\/div>\n\t\t\t\t<\/div>\n\t\t\t\t<\/div>\n\t\t\t\t<\/div>\n\t\t\t\t<\/div>\n\t\t<div class=\"elementor-element elementor-element-0dd891a e-con-full e-flex e-con e-parent\" data-id=\"0dd891a\" data-element_type=\"container\" data-e-type=\"container\" data-settings=\"{&quot;background_background&quot;:&quot;classic&quot;}\">\n\t\t<div class=\"elementor-element elementor-element-8260a0e e-con-full e-flex e-con e-child\" data-id=\"8260a0e\" data-element_type=\"container\" data-e-type=\"container\" data-settings=\"{&quot;background_background&quot;:&quot;classic&quot;}\">\n\t\t<div class=\"elementor-element elementor-element-ae0b827 e-con-full e-flex e-con e-child\" data-id=\"ae0b827\" data-element_type=\"container\" data-e-type=\"container\">\n\t\t<div class=\"elementor-element elementor-element-0fbf8b7 e-con-full e-flex elementor-invisible e-con e-child\" data-id=\"0fbf8b7\" data-element_type=\"container\" data-e-type=\"container\" data-settings=\"{&quot;animation&quot;:&quot;fadeIn&quot;}\">\n\t\t\t\t<div class=\"elementor-element elementor-element-cef9dff elementor-widget elementor-widget-heading\" data-id=\"cef9dff\" data-element_type=\"widget\" data-e-type=\"widget\" data-widget_type=\"heading.default\">\n\t\t\t\t<div class=\"elementor-widget-container\">\n\t\t\t\t\t<h2 class=\"elementor-heading-title elementor-size-default\">CERTIFICA\u00c7\u00c3O\n<\/h2>\t\t\t\t<\/div>\n\t\t\t\t<\/div>\n\t\t\t\t<div class=\"elementor-element elementor-element-a2c568c elementor-widget elementor-widget-heading\" data-id=\"a2c568c\" data-element_type=\"widget\" data-e-type=\"widget\" data-widget_type=\"heading.default\">\n\t\t\t\t<div class=\"elementor-widget-container\">\n\t\t\t\t\t<h2 class=\"elementor-heading-title elementor-size-default\">EuReciclo\n\n<\/h2>\t\t\t\t<\/div>\n\t\t\t\t<\/div>\n\t\t\t\t<div class=\"elementor-element elementor-element-d5bd6d7 elementor-widget elementor-widget-text-editor\" data-id=\"d5bd6d7\" data-element_type=\"widget\" data-e-type=\"widget\" data-widget_type=\"text-editor.default\">\n\t\t\t\t<div class=\"elementor-widget-container\">\n\t\t\t\t\t\t\t\t\t<p>A <strong>eureciclo<\/strong> certifica a log\u00edstica reversa de embalagens por meio de uma plataforma tecnol\u00f3gica que rastreia e valida os dados da cadeia de reciclagem.<\/p>\t\t\t\t\t\t\t\t<\/div>\n\t\t\t\t<\/div>\n\t\t\t\t<div class=\"elementor-element elementor-element-45f7ec6 elementor-widget elementor-widget-text-editor\" data-id=\"45f7ec6\" data-element_type=\"widget\" data-e-type=\"widget\" data-widget_type=\"text-editor.default\">\n\t\t\t\t<div class=\"elementor-widget-container\">\n\t\t\t\t\t\t\t\t\t<p>Ao adotar a solu\u00e7\u00e3o eureciclo, a Lindoya Ver\u00e3o investe diretamente na cadeia de reciclagem, reduzindo o impacto ambiental de suas embalagens p\u00f3s-consumo. Como comprova\u00e7\u00e3o desse compromisso, recebem Certificados de Reciclagem, que atestam a destina\u00e7\u00e3o correta e respons\u00e1vel dos materiais.<\/p>\t\t\t\t\t\t\t\t<\/div>\n\t\t\t\t<\/div>\n\t\t\t\t<\/div>\n\t\t<div class=\"elementor-element elementor-element-88fafc5 e-con-full e-flex e-con e-child\" data-id=\"88fafc5\" data-element_type=\"container\" data-e-type=\"container\">\n\t\t\t\t<div class=\"elementor-element elementor-element-384fd23 elementor-invisible elementor-widget elementor-widget-image\" data-id=\"384fd23\" data-element_type=\"widget\" data-e-type=\"widget\" data-settings=\"{&quot;_animation&quot;:&quot;fadeInRight&quot;}\" data-widget_type=\"image.default\">\n\t\t\t\t<div class=\"elementor-widget-container\">\n\t\t\t\t\t\t\t\t\t\t\t\t\t\t\t<img loading=\"lazy\" decoding=\"async\" width=\"486\" height=\"533\" src=\"https:\/\/lindoyaverao.com.br\/eureciclo\/wp-content\/uploads\/2025\/02\/img-infographic.png\" class=\"attachment-full size-full wp-image-22\" alt=\"\" srcset=\"https:\/\/lindoyaverao.com.br\/eureciclo\/wp-content\/uploads\/2025\/02\/img-infographic.png 486w, https:\/\/lindoyaverao.com.br\/eureciclo\/wp-content\/uploads\/2025\/02\/img-infographic-274x300.png 274w\" sizes=\"(max-width: 486px) 100vw, 486px\" \/>\t\t\t\t\t\t\t\t\t\t\t\t\t\t\t<\/div>\n\t\t\t\t<\/div>\n\t\t\t\t<\/div>\n\t\t\t\t<\/div>\n\t\t\t\t<\/div>\n\t\t\t\t<\/div>\n\t\t<div class=\"elementor-element elementor-element-4c64eb1 e-con-full e-flex e-con e-parent\" data-id=\"4c64eb1\" data-element_type=\"container\" data-e-type=\"container\" data-settings=\"{&quot;background_background&quot;:&quot;classic&quot;}\">\n\t\t<div class=\"elementor-element elementor-element-afa110d e-con-full e-flex e-con e-child\" data-id=\"afa110d\" data-element_type=\"container\" data-e-type=\"container\" data-settings=\"{&quot;background_background&quot;:&quot;classic&quot;}\">\n\t\t<div class=\"elementor-element elementor-element-a404788 e-con-full e-flex e-con e-child\" data-id=\"a404788\" data-element_type=\"container\" data-e-type=\"container\">\n\t\t<div class=\"elementor-element elementor-element-746672f e-con-full e-flex elementor-invisible e-con e-child\" data-id=\"746672f\" data-element_type=\"container\" data-e-type=\"container\" data-settings=\"{&quot;animation&quot;:&quot;fadeIn&quot;}\">\n\t\t\t\t<div class=\"elementor-element elementor-element-ba0416d elementor-widget elementor-widget-heading\" data-id=\"ba0416d\" data-element_type=\"widget\" data-e-type=\"widget\" data-widget_type=\"heading.default\">\n\t\t\t\t<div class=\"elementor-widget-container\">\n\t\t\t\t\t<h2 class=\"elementor-heading-title elementor-size-default\">IMPACTO<\/h2>\t\t\t\t<\/div>\n\t\t\t\t<\/div>\n\t\t\t\t<div class=\"elementor-element elementor-element-2dcaedb elementor-widget elementor-widget-text-editor\" data-id=\"2dcaedb\" data-element_type=\"widget\" data-e-type=\"widget\" data-widget_type=\"text-editor.default\">\n\t\t\t\t<div class=\"elementor-widget-container\">\n\t\t\t\t\t\t\t\t\t<p><strong>A renda extra destinada pelas empresas \u00e0 cadeia de reciclagem<\/strong> promove a formaliza\u00e7\u00e3o e valoriza\u00e7\u00e3o dos agentes do setor, al\u00e9m de criar incentivos para aumentar as taxas de reciclagem no Brasil.<\/p><p><strong>Esses investimentos s\u00e3o direcionados \u00e0s principais necessidades do segmento, incluindo:<\/strong><\/p>\t\t\t\t\t\t\t\t<\/div>\n\t\t\t\t<\/div>\n\t\t\t\t<\/div>\n\t\t<div class=\"elementor-element elementor-element-be820f5 e-con-full e-flex e-con e-child\" data-id=\"be820f5\" data-element_type=\"container\" data-e-type=\"container\">\n\t\t\t\t<div class=\"elementor-element elementor-element-32ce7d6 elementor-invisible elementor-widget elementor-widget-image\" data-id=\"32ce7d6\" data-element_type=\"widget\" data-e-type=\"widget\" data-settings=\"{&quot;_animation&quot;:&quot;fadeInRight&quot;}\" data-widget_type=\"image.default\">\n\t\t\t\t<div class=\"elementor-widget-container\">\n\t\t\t\t\t\t\t\t\t\t\t\t\t\t\t<img loading=\"lazy\" decoding=\"async\" width=\"105\" height=\"265\" src=\"https:\/\/lindoyaverao.com.br\/eureciclo\/wp-content\/uploads\/2025\/02\/selo-eureciclo-full.png\" class=\"attachment-full size-full wp-image-33\" alt=\"\" \/>\t\t\t\t\t\t\t\t\t\t\t\t\t\t\t<\/div>\n\t\t\t\t<\/div>\n\t\t\t\t<\/div>\n\t\t\t\t<\/div>\n\t\t\t\t<\/div>\n\t\t\t\t<\/div>\n\t\t<div class=\"elementor-element elementor-element-148b764 e-con-full e-flex e-con e-parent\" data-id=\"148b764\" data-element_type=\"container\" data-e-type=\"container\" data-settings=\"{&quot;background_background&quot;:&quot;classic&quot;}\">\n\t\t<div class=\"elementor-element elementor-element-d14dc8a e-con-full animated-fast e-flex elementor-invisible e-con e-child\" data-id=\"d14dc8a\" data-element_type=\"container\" data-e-type=\"container\" data-settings=\"{&quot;background_background&quot;:&quot;classic&quot;,&quot;animation&quot;:&quot;fadeInUp&quot;}\">\n\t\t\t\t<div class=\"elementor-element elementor-element-12df43b elementor-widget__width-initial elementor-widget elementor-widget-image\" data-id=\"12df43b\" data-element_type=\"widget\" data-e-type=\"widget\" data-widget_type=\"image.default\">\n\t\t\t\t<div class=\"elementor-widget-container\">\n\t\t\t\t\t\t\t\t\t\t\t\t\t\t\t<img loading=\"lazy\" decoding=\"async\" width=\"248\" height=\"302\" src=\"https:\/\/lindoyaverao.com.br\/eureciclo\/wp-content\/uploads\/2025\/02\/img-impacto-01.png\" class=\"attachment-full size-full wp-image-34\" alt=\"\" srcset=\"https:\/\/lindoyaverao.com.br\/eureciclo\/wp-content\/uploads\/2025\/02\/img-impacto-01.png 248w, https:\/\/lindoyaverao.com.br\/eureciclo\/wp-content\/uploads\/2025\/02\/img-impacto-01-246x300.png 246w\" sizes=\"(max-width: 248px) 100vw, 248px\" \/>\t\t\t\t\t\t\t\t\t\t\t\t\t\t\t<\/div>\n\t\t\t\t<\/div>\n\t\t\t\t<div class=\"elementor-element elementor-element-092dab2 elementor-widget elementor-widget-text-editor\" data-id=\"092dab2\" data-element_type=\"widget\" data-e-type=\"widget\" data-widget_type=\"text-editor.default\">\n\t\t\t\t<div class=\"elementor-widget-container\">\n\t\t\t\t\t\t\t\t\t<p>Amplia\u00e7\u00e3o da<br \/>capacidade operacional<\/p>\t\t\t\t\t\t\t\t<\/div>\n\t\t\t\t<\/div>\n\t\t\t\t<\/div>\n\t\t<div class=\"elementor-element elementor-element-b3a6d91 e-con-full animated-fast e-flex elementor-invisible e-con e-child\" data-id=\"b3a6d91\" data-element_type=\"container\" data-e-type=\"container\" data-settings=\"{&quot;background_background&quot;:&quot;classic&quot;,&quot;animation&quot;:&quot;fadeInUp&quot;}\">\n\t\t\t\t<div class=\"elementor-element elementor-element-24507a3 elementor-widget__width-initial elementor-widget elementor-widget-image\" data-id=\"24507a3\" data-element_type=\"widget\" data-e-type=\"widget\" data-widget_type=\"image.default\">\n\t\t\t\t<div class=\"elementor-widget-container\">\n\t\t\t\t\t\t\t\t\t\t\t\t\t\t\t<img loading=\"lazy\" decoding=\"async\" width=\"248\" height=\"302\" src=\"https:\/\/lindoyaverao.com.br\/eureciclo\/wp-content\/uploads\/2025\/02\/img-impacto-02.png\" class=\"attachment-full size-full wp-image-87\" alt=\"\" srcset=\"https:\/\/lindoyaverao.com.br\/eureciclo\/wp-content\/uploads\/2025\/02\/img-impacto-02.png 248w, https:\/\/lindoyaverao.com.br\/eureciclo\/wp-content\/uploads\/2025\/02\/img-impacto-02-246x300.png 246w\" sizes=\"(max-width: 248px) 100vw, 248px\" \/>\t\t\t\t\t\t\t\t\t\t\t\t\t\t\t<\/div>\n\t\t\t\t<\/div>\n\t\t\t\t<div class=\"elementor-element elementor-element-f7ee0cc elementor-widget elementor-widget-text-editor\" data-id=\"f7ee0cc\" data-element_type=\"widget\" data-e-type=\"widget\" data-widget_type=\"text-editor.default\">\n\t\t\t\t<div class=\"elementor-widget-container\">\n\t\t\t\t\t\t\t\t\t<p>Aquisi\u00e7\u00e3o<br \/>de equipamentos<\/p>\t\t\t\t\t\t\t\t<\/div>\n\t\t\t\t<\/div>\n\t\t\t\t<\/div>\n\t\t<div class=\"elementor-element elementor-element-1b254b5 e-con-full animated-fast e-flex elementor-invisible e-con e-child\" data-id=\"1b254b5\" data-element_type=\"container\" data-e-type=\"container\" data-settings=\"{&quot;background_background&quot;:&quot;classic&quot;,&quot;animation&quot;:&quot;fadeInUp&quot;}\">\n\t\t\t\t<div class=\"elementor-element elementor-element-57d8641 elementor-widget__width-initial elementor-widget elementor-widget-image\" data-id=\"57d8641\" data-element_type=\"widget\" data-e-type=\"widget\" data-widget_type=\"image.default\">\n\t\t\t\t<div class=\"elementor-widget-container\">\n\t\t\t\t\t\t\t\t\t\t\t\t\t\t\t<img loading=\"lazy\" decoding=\"async\" width=\"248\" height=\"302\" src=\"https:\/\/lindoyaverao.com.br\/eureciclo\/wp-content\/uploads\/2025\/02\/img-impacto-03.png\" class=\"attachment-full size-full wp-image-88\" alt=\"\" srcset=\"https:\/\/lindoyaverao.com.br\/eureciclo\/wp-content\/uploads\/2025\/02\/img-impacto-03.png 248w, https:\/\/lindoyaverao.com.br\/eureciclo\/wp-content\/uploads\/2025\/02\/img-impacto-03-246x300.png 246w\" sizes=\"(max-width: 248px) 100vw, 248px\" \/>\t\t\t\t\t\t\t\t\t\t\t\t\t\t\t<\/div>\n\t\t\t\t<\/div>\n\t\t\t\t<div class=\"elementor-element elementor-element-afec51c elementor-widget elementor-widget-text-editor\" data-id=\"afec51c\" data-element_type=\"widget\" data-e-type=\"widget\" data-widget_type=\"text-editor.default\">\n\t\t\t\t<div class=\"elementor-widget-container\">\n\t\t\t\t\t\t\t\t\t<p>Contrata\u00e7\u00e3o<br \/>de profissionais<\/p>\t\t\t\t\t\t\t\t<\/div>\n\t\t\t\t<\/div>\n\t\t\t\t<\/div>\n\t\t<div class=\"elementor-element elementor-element-fb34f01 e-con-full animated-fast e-flex elementor-invisible e-con e-child\" data-id=\"fb34f01\" data-element_type=\"container\" data-e-type=\"container\" data-settings=\"{&quot;background_background&quot;:&quot;classic&quot;,&quot;animation&quot;:&quot;fadeInUp&quot;}\">\n\t\t\t\t<div class=\"elementor-element elementor-element-dddf42f elementor-widget__width-initial elementor-widget elementor-widget-image\" data-id=\"dddf42f\" data-element_type=\"widget\" data-e-type=\"widget\" data-widget_type=\"image.default\">\n\t\t\t\t<div class=\"elementor-widget-container\">\n\t\t\t\t\t\t\t\t\t\t\t\t\t\t\t<img loading=\"lazy\" decoding=\"async\" width=\"248\" height=\"302\" src=\"https:\/\/lindoyaverao.com.br\/eureciclo\/wp-content\/uploads\/2025\/02\/img-impacto-04.png\" class=\"attachment-full size-full wp-image-89\" alt=\"\" srcset=\"https:\/\/lindoyaverao.com.br\/eureciclo\/wp-content\/uploads\/2025\/02\/img-impacto-04.png 248w, https:\/\/lindoyaverao.com.br\/eureciclo\/wp-content\/uploads\/2025\/02\/img-impacto-04-246x300.png 246w\" sizes=\"(max-width: 248px) 100vw, 248px\" \/>\t\t\t\t\t\t\t\t\t\t\t\t\t\t\t<\/div>\n\t\t\t\t<\/div>\n\t\t\t\t<div class=\"elementor-element elementor-element-b952993 elementor-widget elementor-widget-text-editor\" data-id=\"b952993\" data-element_type=\"widget\" data-e-type=\"widget\" data-widget_type=\"text-editor.default\">\n\t\t\t\t<div class=\"elementor-widget-container\">\n\t\t\t\t\t\t\t\t\t<p>Cobertura de Despesas Operacionais<\/p>\t\t\t\t\t\t\t\t<\/div>\n\t\t\t\t<\/div>\n\t\t\t\t<\/div>\n\t\t<div class=\"elementor-element elementor-element-dfc78a9 e-con-full animated-fast e-flex elementor-invisible e-con e-child\" data-id=\"dfc78a9\" data-element_type=\"container\" data-e-type=\"container\" data-settings=\"{&quot;background_background&quot;:&quot;classic&quot;,&quot;animation&quot;:&quot;fadeInUp&quot;}\">\n\t\t\t\t<div class=\"elementor-element elementor-element-e0b8042 elementor-widget__width-initial elementor-widget elementor-widget-image\" data-id=\"e0b8042\" data-element_type=\"widget\" data-e-type=\"widget\" data-widget_type=\"image.default\">\n\t\t\t\t<div class=\"elementor-widget-container\">\n\t\t\t\t\t\t\t\t\t\t\t\t\t\t\t<img loading=\"lazy\" decoding=\"async\" width=\"248\" height=\"302\" src=\"https:\/\/lindoyaverao.com.br\/eureciclo\/wp-content\/uploads\/2025\/02\/img-impacto-05.png\" class=\"attachment-full size-full wp-image-90\" alt=\"\" srcset=\"https:\/\/lindoyaverao.com.br\/eureciclo\/wp-content\/uploads\/2025\/02\/img-impacto-05.png 248w, https:\/\/lindoyaverao.com.br\/eureciclo\/wp-content\/uploads\/2025\/02\/img-impacto-05-246x300.png 246w\" sizes=\"(max-width: 248px) 100vw, 248px\" \/>\t\t\t\t\t\t\t\t\t\t\t\t\t\t\t<\/div>\n\t\t\t\t<\/div>\n\t\t\t\t<div class=\"elementor-element elementor-element-54d772d elementor-widget elementor-widget-text-editor\" data-id=\"54d772d\" data-element_type=\"widget\" data-e-type=\"widget\" data-widget_type=\"text-editor.default\">\n\t\t\t\t<div class=\"elementor-widget-container\">\n\t\t\t\t\t\t\t\t\t<p>Melhorias<br \/>nas instala\u00e7\u00f5es<\/p>\t\t\t\t\t\t\t\t<\/div>\n\t\t\t\t<\/div>\n\t\t\t\t<\/div>\n\t\t\t\t<\/div>\n\t\t<div class=\"elementor-element elementor-element-8868271 e-con-full e-flex e-con e-parent\" data-id=\"8868271\" data-element_type=\"container\" data-e-type=\"container\" data-settings=\"{&quot;background_background&quot;:&quot;classic&quot;}\">\n\t\t<div class=\"elementor-element elementor-element-0d6dbd7 e-con-full e-flex e-con e-child\" data-id=\"0d6dbd7\" data-element_type=\"container\" data-e-type=\"container\" data-settings=\"{&quot;background_background&quot;:&quot;classic&quot;}\">\n\t\t<div class=\"elementor-element elementor-element-0adf2b1 e-con-full e-flex e-con e-child\" data-id=\"0adf2b1\" data-element_type=\"container\" data-e-type=\"container\">\n\t\t<div class=\"elementor-element elementor-element-9b5a793 e-con-full e-flex elementor-invisible e-con e-child\" data-id=\"9b5a793\" data-element_type=\"container\" data-e-type=\"container\" data-settings=\"{&quot;animation&quot;:&quot;fadeIn&quot;}\">\n\t\t\t\t<div class=\"elementor-element elementor-element-9a2aba1 elementor-widget elementor-widget-heading\" data-id=\"9a2aba1\" data-element_type=\"widget\" data-e-type=\"widget\" data-widget_type=\"heading.default\">\n\t\t\t\t<div class=\"elementor-widget-container\">\n\t\t\t\t\t<h2 class=\"elementor-heading-title elementor-size-default\">SOBRE A<\/h2>\t\t\t\t<\/div>\n\t\t\t\t<\/div>\n\t\t\t\t<div class=\"elementor-element elementor-element-00791eb elementor-widget elementor-widget-heading\" data-id=\"00791eb\" data-element_type=\"widget\" data-e-type=\"widget\" data-widget_type=\"heading.default\">\n\t\t\t\t<div class=\"elementor-widget-container\">\n\t\t\t\t\t<h2 class=\"elementor-heading-title elementor-size-default\">EuReciclo\n\n<\/h2>\t\t\t\t<\/div>\n\t\t\t\t<\/div>\n\t\t\t\t<div class=\"elementor-element elementor-element-ec1eba3 elementor-widget elementor-widget-video\" data-id=\"ec1eba3\" data-element_type=\"widget\" data-e-type=\"widget\" data-settings=\"{&quot;youtube_url&quot;:&quot;https:\\\/\\\/www.youtube.com\\\/watch?v=P2ioFOuYsK0&quot;,&quot;video_type&quot;:&quot;youtube&quot;,&quot;controls&quot;:&quot;yes&quot;}\" data-widget_type=\"video.default\">\n\t\t\t\t<div class=\"elementor-widget-container\">\n\t\t\t\t\t\t\t<div class=\"elementor-wrapper elementor-open-inline\">\n\t\t\t<div class=\"elementor-video\"><\/div>\t\t<\/div>\n\t\t\t\t\t\t<\/div>\n\t\t\t\t<\/div>\n\t\t\t\t<\/div>\n\t\t\t\t<\/div>\n\t\t\t\t<\/div>\n\t\t\t\t<\/div>\n\t\t<div class=\"elementor-element elementor-element-4bc7b3b e-con-full e-flex e-con e-parent\" data-id=\"4bc7b3b\" data-element_type=\"container\" data-e-type=\"container\" data-settings=\"{&quot;background_background&quot;:&quot;classic&quot;}\">\n\t\t\t\t<div class=\"elementor-element elementor-element-438298f elementor-widget elementor-widget-heading\" data-id=\"438298f\" data-element_type=\"widget\" data-e-type=\"widget\" data-widget_type=\"heading.default\">\n\t\t\t\t<div class=\"elementor-widget-container\">\n\t\t\t\t\t<h2 class=\"elementor-heading-title elementor-size-default\">\u00a92025. Todos os Direitos Reservados. Lindoya Ver\u00e3o.<\/h2>\t\t\t\t<\/div>\n\t\t\t\t<\/div>\n\t\t\t\t<\/div>\n\t\t\t\t<\/div>\n\t\t","protected":false},"excerpt":{"rendered":"<p>LINDOYA VER\u00c3O +EuReciclo Pra cada embalagem produzida, uma outra\u00a0\u00e9\u00a0reciclada. A parceria entre Lindoya Ver\u00e3o e o selo eureciclo refor\u00e7a o compromisso com a reciclagem e a sustentabilidade. Por meio dessa iniciativa, 100% das embalagens da Lindoya Ver\u00e3o s\u00e3o compensadas, garantindo que, para cada embalagem vendida, uma quantidade equivalente de PET\u00a0seja\u00a0reciclada. Em parceria com a eureciclo, [&hellip;]<\/p>\n","protected":false},"author":1,"featured_media":0,"parent":0,"menu_order":0,"comment_status":"closed","ping_status":"closed","template":"elementor_header_footer","meta":{"footnotes":""},"class_list":["post-5","page","type-page","status-publish","hentry"],"_links":{"self":[{"href":"https:\/\/lindoyaverao.com.br\/eureciclo\/wp-json\/wp\/v2\/pages\/5","targetHints":{"allow":["GET"]}}],"collection":[{"href":"https:\/\/lindoyaverao.com.br\/eureciclo\/wp-json\/wp\/v2\/pages"}],"about":[{"href":"https:\/\/lindoyaverao.com.br\/eureciclo\/wp-json\/wp\/v2\/types\/page"}],"author":[{"embeddable":true,"href":"https:\/\/lindoyaverao.com.br\/eureciclo\/wp-json\/wp\/v2\/users\/1"}],"replies":[{"embeddable":true,"href":"https:\/\/lindoyaverao.com.br\/eureciclo\/wp-json\/wp\/v2\/comments?post=5"}],"version-history":[{"count":17,"href":"https:\/\/lindoyaverao.com.br\/eureciclo\/wp-json\/wp\/v2\/pages\/5\/revisions"}],"predecessor-version":[{"id":119,"href":"https:\/\/lindoyaverao.com.br\/eureciclo\/wp-json\/wp\/v2\/pages\/5\/revisions\/119"}],"wp:attachment":[{"href":"https:\/\/lindoyaverao.com.br\/eureciclo\/wp-json\/wp\/v2\/media?parent=5"}],"curies":[{"name":"wp","href":"https:\/\/api.w.org\/{rel}","templated":true}]}}